{"id":328,"date":"2026-02-27T13:00:25","date_gmt":"2026-02-27T13:00:25","guid":{"rendered":"https:\/\/larissaferrerterapia.com\/?page_id=328"},"modified":"2026-03-12T14:53:46","modified_gmt":"2026-03-12T14:53:46","slug":"cookies","status":"publish","type":"page","link":"https:\/\/larissaferrerterapia.com\/index.php\/cookies\/","title":{"rendered":"Cookies"},"content":{"rendered":"<h5><b>\u00bfQu\u00e9 son las cookies?<\/b><\/h5>\n<p><span style=\"font-weight: 400;\">Las cookies son peque\u00f1os archivos de datos que se reciben en el terminal desde el sitio Web visitado y se usan para registrar ciertas interacciones de la navegaci\u00f3n en un sitio Web almacenando datos que podr\u00e1n ser actualizados y recuperados. Estos archivos se almacenan en el ordenador del usuario y contiene datos an\u00f3nimos que no son perjudiciales para su equipo. Se utilizan para recordar las preferencias del usuario, como el idioma seleccionado, datos de acceso o personalizaci\u00f3n de la p\u00e1gina.<\/span><\/p>\n<p><span style=\"font-weight: 400;\">Las cookies tambi\u00e9n pueden ser utilizadas para registrar informaci\u00f3n an\u00f3nima acerca de c\u00f3mo un visitante utiliza un sitio. Por ejemplo, desde qu\u00e9 p\u00e1gina Web ha accedido, o si ha utilizado un \u201cbanner\u201d publicitario para llegar.<\/span><\/p>\n<h5><b>\u00bfPor qu\u00e9 utilizamos cookies?<\/b><\/h5>\n<p><i><span style=\"font-weight: 400;\">EMPRESA<\/span><\/i><span style=\"font-weight: 400;\"> utiliza cookies estrictamente necesarias y esenciales para que usted utilice nuestros sitios Web y le permitan moverse libremente, utilizar \u00e1reas seguras, opciones personalizadas, etc. Adem\u00e1s, <\/span><b><i>EMPRESA<\/i><\/b><span style=\"font-weight: 400;\"> utiliza cookies que recogen datos relativos al an\u00e1lisis de uso de la Web. \u00c9stas se utilizan para ayudar a mejorar el servicio al cliente, midiendo el uso y el rendimiento de la p\u00e1gina, para optimizarla y personalizarla.<\/span><\/p>\n<p><span style=\"font-weight: 400;\">Las cookies de esta p\u00e1gina web ayudan a:<\/span><\/p>\n<ul>\n<li style=\"font-weight: 400;\" aria-level=\"1\"><span style=\"font-weight: 400;\">Hacer que funcione correctamente<\/span><\/li>\n<li style=\"font-weight: 400;\" aria-level=\"1\"><span style=\"font-weight: 400;\">Ahorrarle tiempo al no tener que iniciar sesi\u00f3n cada que vez que accede a la web<\/span><\/li>\n<li style=\"font-weight: 400;\" aria-level=\"1\"><span style=\"font-weight: 400;\">Recordarle sus ajustes<\/span><\/li>\n<li style=\"font-weight: 400;\" aria-level=\"1\"><span style=\"font-weight: 400;\">Permitirle visualizar v\u00eddeos<\/span><\/li>\n<li style=\"font-weight: 400;\" aria-level=\"1\"><span style=\"font-weight: 400;\">Mejorar la velocidad y seguridad de la web<\/span><\/li>\n<li style=\"font-weight: 400;\" aria-level=\"1\"><span style=\"font-weight: 400;\">Poder compartir el contenido de la web en las redes sociales<\/span><\/li>\n<li style=\"font-weight: 400;\" aria-level=\"1\"><span style=\"font-weight: 400;\">Mejorar continuamente la p\u00e1gina web<\/span><\/li>\n<li style=\"font-weight: 400;\" aria-level=\"1\"><span style=\"font-weight: 400;\">Mostrarle anuncios en funci\u00f3n de sus h\u00e1bitos de navegaci\u00f3n por la p\u00e1gina web.<\/span><\/li>\n<\/ul>\n<h5><b>\u00bfQu\u00e9 uso le damos a los diferentes tipos de cookies?<\/b><\/h5>\n<p><span style=\"font-weight: 400;\">Cookies de sesi\u00f3n: Las cookies de sesi\u00f3n son aquellas que duran el tiempo que el usuario est\u00e1 navegando por la p\u00e1gina web y se borran al t\u00e9rmino.<\/span><\/p>\n<p><span style=\"font-weight: 400;\">Cookies persistentes: Estas cookies quedan almacenadas en el terminal del usuario por un tiempo m\u00e1s largo, facilitando as\u00ed el control de las preferencias elegidas sin tener que repetir ciertos par\u00e1metros cada vez que se visite el sitio web.<\/span><\/p>\n<p><span style=\"font-weight: 400;\">Cookies propias: Son cookies creadas por este sitio web y que solo puede leer el propio sitio. Por ejemplo: cookies t\u00e9cnicas para la carga de im\u00e1genes, cookies de personalizaci\u00f3n de par\u00e1metros de la web, cookies de an\u00e1lisis de tr\u00e1fico, etc.<\/span><\/p>\n<p><span style=\"font-weight: 400;\">Cookies de terceros: Son cookies creadas por terceros y que utilizamos para diferentes servicios (por ej. An\u00e1lisis del sitio web o publicidad)<\/span><\/p>\n<p><span style=\"font-weight: 400;\">Seg\u00fan su finalidad:<\/span><\/p>\n<p><span style=\"font-weight: 400;\">Cookies t\u00e9cnicas: Las cookies t\u00e9cnicas son aquellas imprescindibles y estrictamente necesarias para el correcto funcionamiento de un portal Web y la utilizaci\u00f3n de las diferentes opciones y servicios que ofrece. Por ejemplo, las que sirven para el mantenimiento de la sesi\u00f3n, la gesti\u00f3n del tiempo de respuesta, rendimiento o validaci\u00f3n de opciones, utilizar elementos de seguridad, compartir contenido con redes sociales, etc.<\/span><\/p>\n<p><span style=\"font-weight: 400;\">Cookies de personalizaci\u00f3n: Estas cookies permiten al usuario especificar o personalizar algunas caracter\u00edsticas de las opciones generales de la p\u00e1gina Web, Por ejemplo, definir el idioma, configuraci\u00f3n regional o tipo de navegador.<\/span><\/p>\n<p><span style=\"font-weight: 400;\">Cookies anal\u00edticas: Las cookies anal\u00edticas son las utilizadas por nuestro portal Web, para elaborar perfiles de navegaci\u00f3n y poder conocer las preferencias de los usuarios del mismo con el fin de mejorar la oferta de productos y servicios. Por ejemplo, mediante una cookie anal\u00edtica se controlar\u00edan las \u00e1reas geogr\u00e1ficas de mayor inter\u00e9s de un usuario, cu\u00e1l es el producto de m\u00e1s aceptaci\u00f3n, etc.<\/span><\/p>\n<p><span style=\"font-weight: 400;\">Cookies publicitarias: Las cookies publicitarias permiten la gesti\u00f3n de los espacios publicitarios en base a criterios concretos. Por ejemplo la frecuencia de acceso, el contenido editado, etc. Las cookies de publicidad permiten a trav\u00e9s de la gesti\u00f3n de la publicidad almacenar informaci\u00f3n del comportamiento a trav\u00e9s de la observaci\u00f3n de h\u00e1bitos, estudiando los accesos y formando un perfil de preferencias del usuario, para ofrecerle publicidad relacionada con los intereses de su perfil.<\/span><\/p>\n<h5><b>Cookies de terceros utilizadas en esta web<\/b><\/h5>\n<p><span style=\"font-weight: 400;\">Esta web incluye funcionalidades proporcionadas por terceros que instalan sus propias cookies.<\/span><\/p>\n<p><span style=\"font-weight: 400;\">Es importante que sepa que son cookies provisionales que no siempre es posible informar y que solo tienen finalidades de estudio y valoraci\u00f3n. En ning\u00fan caso se van a utilizar cookies que comprometan su privacidad.<\/span><\/p>\n<p><span style=\"font-weight: 400;\">Las cookies de terceros m\u00e1s estables que utiliza <\/span><b><i>EMPRESA<\/i><\/b><span style=\"font-weight: 400;\"> en esta web son:<\/span><\/p>\n<ul>\n<li style=\"font-weight: 400;\" aria-level=\"1\"><span style=\"font-weight: 400;\">Google Analytics, un servicio anal\u00edtico de web prestado por Google, Inc. con domicilio en los Estados Unidos con sede central en 1600 Amphitheatre Parkway, Mountain View, California 94043.\u00a0 Para la prestaci\u00f3n de estos servicios, estos utilizan cookies que recopilan la informaci\u00f3n, incluida la direcci\u00f3n IP del usuario, que ser\u00e1 transmitida, tratada y almacenada por Google en los t\u00e9rminos fijados en la Web Google.com. Incluyendo la posible transmisi\u00f3n de dicha informaci\u00f3n a terceros por razones de exigencia legal o cuando dichos terceros procesen la informaci\u00f3n por cuenta de Google.<\/span><\/li>\n<\/ul>\n<table>\n<tbody>\n<tr>\n<td><span style=\"font-weight: 400;\">NOMBRE<\/span><\/td>\n<td><span style=\"font-weight: 400;\">DURACI\u00d3N PREDETERMINADA<\/span><\/td>\n<td><span style=\"font-weight: 400;\">FINALIDAD Y DOMINIO<\/span><\/td>\n<\/tr>\n<tr>\n<td><span style=\"font-weight: 400;\">__ut__utma, __utmb, __utmc, __utmz<\/span><\/td>\n<td><span style=\"font-weight: 400;\">2 a\u00f1os a partir de la configuraci\u00f3n o actualizaci\u00f3n<\/span><\/td>\n<td><span style=\"font-weight: 400;\">Google Analytics , Permite analizar el tr\u00e1fico de la web y obtener estad\u00edsticas de navegaci\u00f3n. <\/span><a href=\"http:\/\/www.google.com\/analytics\/\" target=\"_blank\" rel=\"noopener\"><span style=\"font-weight: 400;\">M\u00e1s informaci\u00f3n<\/span><\/a><span style=\"font-weight: 400;\">.<\/span><\/td>\n<\/tr>\n<\/tbody>\n<\/table>\n<ul>\n<li style=\"font-weight: 400;\" aria-level=\"1\"><span style=\"font-weight: 400;\">WordPress, es la plataforma donde se aloja esta web, y es propiedad de la empresa norteamericana Automattic, Inc. A tales efectos las cookies que utiliza la plataforma nunca estar\u00e1 bajo el control o gesti\u00f3n del responsable de la web.<\/span><\/li>\n<\/ul>\n<table>\n<tbody>\n<tr>\n<td><span style=\"font-weight: 400;\">NOMBRE<\/span><\/td>\n<td><span style=\"font-weight: 400;\">DURACI\u00d3N PREDETERMINADA<\/span><\/td>\n<td><span style=\"font-weight: 400;\">FINALIDAD Y DOMINIO<\/span><\/td>\n<\/tr>\n<tr>\n<td><span style=\"font-weight: 400;\">Cookie: __qca<\/span><\/td>\n<td><span style=\"font-weight: 400;\">2 a\u00f1os a partir de la configuraci\u00f3n o actualizaci\u00f3n<\/span><\/td>\n<td><span style=\"font-weight: 400;\">WordPress: Permite analizar el tr\u00e1fico de la web\u00a0 y a todos sus usuarios le instala inevitablemente una cookie de estad\u00edsticas que rastrea y almacena su IP en una empresa estadounidense (Automaticc) a trav\u00e9s de un tercero (Quantcast) la suya es una cookie generalmente asociada a Quantcast, Proporcionan el ranking de sitios web, y los datos que recogen tambi\u00e9n se utiliza para la segmentaci\u00f3n de la audiencia.<\/span><\/td>\n<\/tr>\n<\/tbody>\n<\/table>\n<ul>\n<li style=\"font-weight: 400;\" aria-level=\"1\"><span style=\"font-weight: 400;\">Active Campaing como proveedor de email marketing<\/span><\/li>\n<\/ul>\n<table>\n<tbody>\n<tr>\n<td><span style=\"font-weight: 400;\">NOMBRE<\/span><\/td>\n<td><span style=\"font-weight: 400;\">DURACI\u00d3N PREDETERMINADA<\/span><\/td>\n<td><span style=\"font-weight: 400;\">FINALIDAD Y DOMINIO<\/span><\/td>\n<\/tr>\n<tr>\n<td><span style=\"font-weight: 400;\">Active Campaing<\/span><\/td>\n<td><span style=\"font-weight: 400;\">2 a\u00f1os a partir de la configuraci\u00f3n<\/span><\/td>\n<td><span style=\"font-weight: 400;\">Es un generador de suscripciones <\/span><a href=\"http:\/\/www.activecampaign.com\/privacy-policy\/\" target=\"_blank\" rel=\"noopener\"><span style=\"font-weight: 400;\">M\u00e1s informaci\u00f3n<\/span><\/a><span style=\"font-weight: 400;\">.<\/span><\/td>\n<\/tr>\n<\/tbody>\n<\/table>\n<ul>\n<li style=\"font-weight: 400;\" aria-level=\"1\"><span style=\"font-weight: 400;\">Cookies de redes sociales, que pueden almacenarse en su ordenador por ejemplo, cuando utiliza el bot\u00f3n de compartir contenidos de esta web en alguna red social.<\/span><\/li>\n<\/ul>\n<p><span style=\"font-weight: 400;\">Las empresas que generan estas cookies tienen sus propias pol\u00edticas de cookies:<\/span><\/p>\n<ul>\n<li style=\"font-weight: 400;\" aria-level=\"1\"><a href=\"https:\/\/www.facebook.com\/policies\/cookies\/\" target=\"_blank\" rel=\"noopener\"><span style=\"font-weight: 400;\">Cookies de Facebook<\/span><\/a><\/li>\n<li style=\"font-weight: 400;\" aria-level=\"1\"><a href=\"https:\/\/support.twitter.com\/articles\/20170521\" target=\"_blank\" rel=\"noopener\"><span style=\"font-weight: 400;\">Cookies de Twitter<\/span><\/a><\/li>\n<li style=\"font-weight: 400;\" aria-level=\"1\"><a href=\"https:\/\/www.linkedin.com\/legal\/cookie_policy\" target=\"_blank\" rel=\"noopener\"><span style=\"font-weight: 400;\">Cookies de Linkedin<\/span><\/a><\/li>\n<\/ul>\n<h5><b>\u00bfC\u00f3mo puedo cambiar la configuraci\u00f3n de las cookies?<\/b><\/h5>\n<p><span style=\"font-weight: 400;\">Puede usted permitir, bloquear o eliminar las cookies instaladas en su equipo mediante la configuraci\u00f3n de las opciones del navegador instalado en su ordenador.<\/span><\/p>\n<p><span style=\"font-weight: 400;\">A continuaci\u00f3n puede acceder a la configuraci\u00f3n de los navegadores webs m\u00e1s frecuentes para aceptar, instalar o desactivar las cookies:<\/span><\/p>\n<p><a href=\"http:\/\/support.google.com\/chrome\/bin\/answer.py?hl=es-419&amp;answer=95647\" target=\"_blank\" rel=\"noopener\"><span style=\"font-weight: 400;\">Google Chrome<\/span><\/a><span style=\"font-weight: 400;\"> \u2013 <\/span><a href=\"http:\/\/windows.microsoft.com\/es-xl\/internet-explorer\/delete-manage-cookies#ie=ie-10\" target=\"_blank\" rel=\"noopener\"><span style=\"font-weight: 400;\">Internet Explorer<\/span><\/a><span style=\"font-weight: 400;\"> \u2013 <\/span><a href=\"http:\/\/support.mozilla.org\/es\/kb\/habilitar-y-deshabilitar-cookies-que-los-sitios-we\" target=\"_blank\" rel=\"noopener\"><span style=\"font-weight: 400;\">Mozilla Firefox<\/span><\/a><span style=\"font-weight: 400;\"> \u2013 <\/span><a href=\"http:\/\/support.apple.com\/kb\/HT1677?viewlocale=es_ES%20%97%20http:\/\/support.apple.com\/kb\/ph5042\" target=\"_blank\" rel=\"noopener\"><span style=\"font-weight: 400;\">Apple Safari<\/span><\/a><\/p>\n<p><span style=\"font-weight: 400;\">Al desactivar a eliminar las cookies, parte del Sitio Web no funcionar\u00e1 o la calidad de la p\u00e1gina web puede verse afectada.<\/span><\/p>\n<p><span style=\"font-weight: 400;\">Si tiene dudas sobre esta pol\u00edtica de cookies, puede contactar con <\/span><b><i>EMPRESA<\/i><\/b><span style=\"font-weight: 400;\"> en info@tusitioweb.com<\/span><\/p>\n<h5><b>\u00bfD\u00f3nde puedo obtener m\u00e1s informaci\u00f3n?<\/b><\/h5>\n<p><span style=\"font-weight: 400;\">Puedes encontrar m\u00e1s informaci\u00f3n sobre cookies en\u00a0 <\/span><a href=\"http:\/\/www.allaboutcookies.org\/\" target=\"_blank\" rel=\"noopener\"><span style=\"font-weight: 400;\">www.allaboutcookies.org<\/span><\/a><span style=\"font-weight: 400;\">\u00a0 o <\/span><a href=\"http:\/\/www.youronlinechoices.eu\/\" target=\"_blank\" rel=\"noopener\"><span style=\"font-weight: 400;\">www.youronlinechoices.eu<\/span><\/a><\/p>\n<p>&nbsp;<\/p>\n","protected":false},"excerpt":{"rendered":"<p>\u00bfQu\u00e9 son las cookies? Las cookies son peque\u00f1os archivos de datos que se reciben en el terminal desde el sitio Web visitado y se usan para registrar ciertas interacciones de la navegaci\u00f3n en un sitio Web almacenando datos que podr\u00e1n ser actualizados y recuperados. Estos archivos se almacenan en el ordenador del usuario y contiene [&hellip;]<\/p>\n","protected":false},"author":1,"featured_media":103,"parent":0,"menu_order":12,"comment_status":"closed","ping_status":"closed","template":"","meta":{"footnotes":""},"class_list":["post-328","page","type-page","status-publish","has-post-thumbnail","hentry"],"_links":{"self":[{"href":"https:\/\/larissaferrerterapia.com\/index.php\/wp-json\/wp\/v2\/pages\/328","targetHints":{"allow":["GET"]}}],"collection":[{"href":"https:\/\/larissaferrerterapia.com\/index.php\/wp-json\/wp\/v2\/pages"}],"about":[{"href":"https:\/\/larissaferrerterapia.com\/index.php\/wp-json\/wp\/v2\/types\/page"}],"author":[{"embeddable":true,"href":"https:\/\/larissaferrerterapia.com\/index.php\/wp-json\/wp\/v2\/users\/1"}],"replies":[{"embeddable":true,"href":"https:\/\/larissaferrerterapia.com\/index.php\/wp-json\/wp\/v2\/comments?post=328"}],"version-history":[{"count":3,"href":"https:\/\/larissaferrerterapia.com\/index.php\/wp-json\/wp\/v2\/pages\/328\/revisions"}],"predecessor-version":[{"id":397,"href":"https:\/\/larissaferrerterapia.com\/index.php\/wp-json\/wp\/v2\/pages\/328\/revisions\/397"}],"wp:featuredmedia":[{"embeddable":true,"href":"https:\/\/larissaferrerterapia.com\/index.php\/wp-json\/wp\/v2\/media\/103"}],"wp:attachment":[{"href":"https:\/\/larissaferrerterapia.com\/index.php\/wp-json\/wp\/v2\/media?parent=328"}],"curies":[{"name":"wp","href":"https:\/\/api.w.org\/{rel}","templated":true}]}}